 -20
30
Calculate 1 + -9 + -45 + (-3 + -8 - (-57 + 36)).
-43
41 + -2 + -878 + 794
-45
What is -11 + -171 - (-71 - 10)?
-101
Calculate 39 + 161 + -341 - -225.
84
What is the value of (-1 - (0 - 12)) + -190 + 316 + -61?
76
Evaluate 1 + (18 - (6 + -4)) + (-2 - -26 - 18).
23
Calculate -19 + (12 + -6 - (-3 - (-4 + -5 + 8))).
-11
What is -76 + 2 + (-17 - (8 - 13) - -16 - 5)?
-75
Evaluate -31 + -94 + 190 - 16.
49
What is (-26 - -31) + (0 - 0) + -1 + 82 + -56?
30
What is the value of -38 + -70 + 7 - -166?
65
Evaluate (17 - (-11 - (-5 + -6) - -12)) + 104.
109
Calculate 367 + -417 - (-3 - 6).
-41
Evaluate -77 - (-62 - (-14 + 106)).
77
What is 12 - ((6 - (0 + 12)) + -1 + 12 + 2)?
5
9 + -9 + -5 + 15 + -4 - 3
3
What is (0 - -1) + -11 + (-120 - -227) + -63?
34
Evaluate 13 - ((0 - -17) + -9) - (53 - 53).
5
Evaluate 5 + 2 + (7 + 37 + -64 - 41).
-54
Calculate -47 - (-13 + 46 + -90 + 46).
-36
What is the value of -3 + 5 - (-1 - -1) - (-30 - -83)?
-51
-84 - (136 + -45 - 70)
-105
What is the value of -14 + (-1 - (-13 + 23 - 5 - -3))?
-23
What is (1 - -7) + (-2 - 6) + (16 - 36)?
-20
(0 + 0 - 2) + (1770 - 1797)
-29
Evaluate 11 + 2 - (-8 - -12) - 25.
-16
What is the value of -25 + (-39 + 31 - -24) + -67?
-76
Evaluate 11 + 17 + 9 + -67 - -83.
53
Calculate (1 + -40 + 48 - 26) + 148.
131
-9 - (19 - (0 - -21 - 0))
-7
Calculate -1 + 2 + -26 + 8839 + -8714.
100
What is the value of -26 + 36 + (-16 - (-12 - -3) - (-1 + -4))?
8
What is the value of -29 - (-1 + (4 - 10) + 22)?
-44
Evaluate 1 - (-27 - 77 - -35 - 6).
76
What is 16 + 1 + (24 - (32 + 47)) - (-13 - -1)?
-26
Evaluate -583 + 653 - (-3 + -40).
113
What is 15 - -5 - (-39 + 41)?
18
Evaluate (11 - (-5 + 5)) + -1 + (7 - 14) + -72.
-69
Calculate (93 - (21 + -2)) + -50.
24
What is 0 + (11 - 12) - (-8 - 42) - 6?
43
Evaluate 43 + -25 + 1 - ((-1 - 0) + -1 + 1).
20
Evaluate (-14 - -42 - 144) + 97.
-19
What is the value of -23 - -3 - (22 - (115 + -22))?
51
What is the value of (1 - 25) + (-19 + -1 - (16 - (102 + -58)))?
-16
Evaluate 1 + 2 + 1 + -2 + 1213 + -1155.
60
-6 + -13 - (144 + -141 + (-1 - 12))
-9
Evaluate 33 + -54 + -67 + -4.
-92
Calculate (31 - 10 - (27 + 16)) + 8.
-14
What is the value of (29 - (3 - (-13 - 0))) + -65 + -14?
-66
Evaluate 0 - (-51 + -34 + 43).
42
Calculate (2094 - 2085 - (-1 - (2 + -7))) + -1 + -1.
3
49 - (10 + -6) - (-2830 - -2795)
80
Evaluate -2 + -12 + -55 + 97 + -28.
0
21 - (65 + (43 - 50))
-37
What is (57 + -10 - 39 - (0 + -1)) + -61?
-52
(-12 - 0 - -39) + (32 - 33)
26
Evaluate (-2 - 34) + 21 + (-92 - 26).
-133
Calculate -10 + 26 + -76 + (5 - 5 - (0 - 2)).
-58
-78 + 0 + (45 + -24 - 9) + 8 + -19
-77
What is -10 - 17 - (886 + -1033)?
120
Calculate (-5 - -57) + (-37 - (18 - 28)).
25
What is the value of 3 + (16 - (-5 + 100 + 21)) + 12?
-85
Calculate (-58 - -39 - (-7 + -10)) + -16.
-18
Evaluate -37 - ((-3 - -1) + -4 + -10 + (6 - -7)).
-34
Calculate -4434 + 4430 - (46 + 0 + 1).
-51
What is 2 + 26 - (42 + -35) - (10 - 5)?
16
33 + -73 + (7 - -3) + -56
-86
What is -90 + 0 + -2 - (401 - 425)?
-68
Calculate (-736 - -749) + (-1 - -37 - 7).
42
What is -75 - (-43 + (-97 - -74))?
-9
Evaluate (-75 - 0) + (-229 - -411) + -193.
-86
What is the value of 494 + -563 - (17 + -144)?
58
What is the value of 2 + -41 + (-21 - 5 - -27) + 7?
-31
(-83 - (-5 + -75)) + 2 + 8
7
What is 6 + -7 + 1 + (-1 - 1) + -228 + 239?
9
Calculate -77 + -49 + (15 - 3) + -1 + 17.
-98
What is -20 - 8 - (2 + -31)?
1
What is the value of -104 + (-76 - -136) + -30?
-74
Evaluate (14 - (-20 + 8 + 4)) + 0.
22
What is (-10 - -1) + 35 + (-8 - (-31 + 6))?
43
15 + -6 + (1 - -20 - 11) + -31 + 22
10
-23 - ((10 - (8 + -1 + -7 - -9)) + 5)
-29
What is 3 + -2 + -118 + (1 - (-77 + 57 + 8))?
-104
Evaluate (1 - -7) + 3 + (12 - (4 + 0)) + -8.
11
What is 30 - (18 + -27 - (35 - -1))?
75
What is the value of (-3 + -1 - 23) + -1 + 10?
-18
(2 - 28) + -9 + (62 - 36) + -18
-27
-12 + -1 + 0 - (-7 + (98 - 64))
-40
Evaluate ((-5 - -70) + -2 - 2) + (27 - (1 - -18)).
69
What is the value of (-5 + 16 - (-59 + 11)) + -6?
53
Evaluate 60 + 15 + 65 + -197.
-57
Evaluate (-95 - -26) + 23 + -21 + 15.
-52
Calculate 2 + (4 - -29 - 35) - (-69 - 0).
69
What is -36 + (19 + 0 - -2 - -115)?
100
Evaluate 35 - (39 + -84) - 8.
72
Evaluate -179 - (-22 + (-196 - -138)).
-99
Calculate -11 - (-15 + 7 - (-51 + 28)).
-26
What is (-18 - (-37 - -32) - -34) + 30?
51
What is the value of 6 + (-7 + 15 + (9 - 10) - 13)?
0
What is (16598 - 16638) + (0 - 0 - 0 - -10)?
-30
What is -9 - (12 - ((-25 - (-2 - 9)) + 13))?
-22
What is the value of (27 - -119) + -65 + -34?
47
What is (-100 - (-73 - 59)) + -99?
-67
What is the value of 65 - (10 + 16) - 127?
-88
Calculate -1 + 46 - (47 - 34 - (9 + (2 - 0))).
43
Calculate -25 + -2 + -14 + 92 + -67.
-16
Calculate 2 - 5 - (-38 + (-14 - -14) + 7).
28
Evaluate (1 - (-20 - -1)) + -84 + -22 + 74.
-12
(-3 - -43) + 0 + -16 + (0 - -2)
26
What is the value of -30 + (19 - (33 - -2 - 34))?
-12
What is the value of 17 + -30 - ((12 + -22 - (-3 - -2)) + -79)?
75
Evaluate -14 + -1 - (-783 + 780) - 19.
-31
0 + 0 + (-26 - (44 + -55)) + 7
-8
Calculate -11 + (5 - 40) - -10.
-36
What is the value of 10 + (-45 - 5) + (73 - 62)?
-29
What is 1490 + -1646 + 49 + -1?
-108
What is 161 + (64 - 124) + (-8 + 26 - 0)?
119
Evaluate 744 + -761 + (-16 - 2) + -1.
-36
What is the value of -116 - (10 + (108 - 220))?
-14
What is the value of 20 - 112 - ((-9 - 5) + 1 - -10)?
-89
Evaluate 2 + -2 + (197 - 182).
15
Evaluate 49 + -2 + (9 - 13) + (27 - 27).
43
What is -33 + (39 + (-46 - -11) - 72)?
-101
Evaluate 8 + (-10 - (-8 + -9)) + -87.
-72
12 - (1 + (20 + -35 - (-2 - -3)))
27
What is (112 - (1 - 1)) + (69 - 6 - (235 - 177))?
117
Calculate (-34 - (8 + -1)) + (0 - 1) + (1 - -2).
-39
What is the value of (-3 - (-10 + 31)) + (5 - (-3 + 2)) + -5?
-23
(328 - 321) + (6 - -2) + -9
6
(32 - (52 - 21)) + 2
3
What is the value of (22 + 14 + -72 - -37) + -89?
-88
-84 + 114 + -93 + -21
-84
Calculate 58 + -43 + (11 + 11 - -13).
50
Evaluate -102 + 32 + 164 - 74.
20
Calculate (-43 - -6) + (148 - 121) - (20 - -2).
-32
What is 36 - (12 - (49 + -144))?
-71
(-9 - 0 - -16) + 0 + -2 + -27 + 103
81
Calculate 88 + (-24 + -27 + 56 - (17 - (6 - 9))).
73
What is the value of 0 + 6 - (6 + (-12 - 15 - -32))?
-5
What is -35 + (-65 + 63 - -76)?
39
What is 11 - (4 + -13 + 22) - (2 + 27) - 0?
-31
What is -19 - -26 - (4 + -1 + -37)?
41
What is the value of (2 - -11 - -1) + -109 + 39 - 18?
-74
Evaluate 2 + 4 + -23 + 5 + (-147 - -147).
-12
Evaluate (56 - (0 - -1)) + (176 - 346) + 168.
53
Evaluate (-6 - -82 - 13) + -8 - 17.
38
-10 + (47 - 3 - 33) + (1 - 3)
-1
Calculate (145 - 154) + (-2 + -7 - 6).
-24
-21 + -14 + 119 + -105
-21
What is -5 - -24 - (10 - (8 - -4))?
21
What is -57 + (5 + -7 - ((-211 - -202) + 2 + 0))?
-52
Calculate -26 - (63 + -99 + 29).
-19
(-24 - 136) + 22 + 19 - -35
-84
(-32 - (-18 - 30)) + 0 + -23
-7
What is (-287 - -280) + (14 - (-3 - -1)) - (77 - 11)?
-57
Evaluate 1325 - 1266 - (16 + -1).
44
Calculate -21 - (-47 + 64 + -16).
-22
Evaluate 10 + (3 + -10 - -4) + 343 + -353 - -92.
89
What is (0 - (-21 - -43) - -12) + 16 + -2?
4
Calculate -4 + -3 - (-149 + 2 - (1596 - 1601)).
135
What is 8 + (7 - (34 + 4))?
-23
(-24 - 2) + (1222 - 1236)
-40
12 - 18 - ((6 + -10 - (-1 - 11)) + -51)
37
What is (21 - (74 - 94)) + 14?
55
What is the value of -321 - -300 - (2 + -3 + 9)?
-29
12 - (-70 - (43 + -19) - -24)
82
What is -51 + -8 + -87 + 77?
-69
Evaluate -99 - -24 - (-3 + -8 + 5 + -5).
-64
What is 38 + 30 + -63 - (-81 + (0 - -3))?
83
-3 + (-10 - (-20 + 13 + -6)) + -51
-51
What is the value of 2431 + -2513 - (-2 - 73)?
-7
Evaluate (6 - 0) + 6 - 17 - (2 + 24) - 0.
-31
What is -11 - 56 - (110 + -163)?
-14
(-4 - -2) + (-20 - 0) + (6718 - 6693)
3
Calculate -8 + -241 + 169 - (-19 - -1).
-62
What is (-28 - -62) + -4 + -105 - (-13 + 1 + 0)?
-63
What is the value of -29 - (5 + -23) - (-116 - -149)?
-44
What is the value of (-2 - -8) + (1 - 0) + -35 + 12 + 23?
7
Evaluate -59 + 61 - 25 - 39.
-62
Calculate -15 + 57 + -1 + (263 - 299).
5
-22 + -23 + 25 - 45 - -26
-39
What is -187 - -233 - (5 - -88) - (-1 - (0 + 0))?
-46
What is the value of (-14 + -9 - -26) + -6 + (-7 - (0 - -2))?
-12
What is the value of (-116 - -56) + 83 + (-7 - (2 + -124))?
138
Calculate -2403 - -2520 - (51 + -1).
67
-585 - -598 - ((-26 - 0) + 5)
34
Calculate -5 - -16 - -10 - (12